{"id":13,"date":"2010-07-05T14:24:34","date_gmt":"2010-07-05T14:24:34","guid":{"rendered":"https:\/\/www.effetdefer.fr\/?page_id=13"},"modified":"2010-07-07T12:39:07","modified_gmt":"2010-07-07T12:39:07","slug":"meuble-decoration","status":"publish","type":"page","link":"https:\/\/www.effetdefer.fr\/index.php\/meuble-decoration\/","title":{"rendered":"\u2013 Mobilier \u2013"},"content":{"rendered":"<h2><a href=\"https:\/\/www.effetdefer.fr\/index.php\/meuble-decoration\/effets-creux\/\" target=\"_self\"><span style=\"color: #00205f;\">Effet  creux<\/span><\/a><\/h2>\n<p><img loading=\"lazy\" decoding=\"async\" class=\"size-full wp-image-50 alignnone\" title=\"Les effet creux\" src=\"https:\/\/www.effetdefer.fr\/wp-content\/uploads\/2010\/07\/mo_effet_creux.jpg\" alt=\"\" width=\"470\" height=\"200\" \/> <a href=\"https:\/\/www.effetdefer.fr\/index.php\/meuble-decoration\/effets-creux\/\" target=\"_self\">[en savoir +]<\/a><br \/>\nLigne \u00e9lanc\u00e9e gr\u00e2ce \u00e0 une structure courbe qui supporte des \u00e9l\u00e9ments souvent suspendus.<\/p>\n<h2><a href=\"https:\/\/www.effetdefer.fr\/index.php\/meuble-decoration\/pieges-a-effets\/\" target=\"_self\"><span style=\"color: #00205f;\">Pi\u00e8ge  \u00e0 effet<\/span><\/a><\/h2>\n<p><img loading=\"lazy\" decoding=\"async\" class=\"size-full wp-image-52 alignnone\" title=\"Les pi\u00e8ges \u00e0 effets\" src=\"https:\/\/www.effetdefer.fr\/wp-content\/uploads\/2010\/07\/piege.jpg\" alt=\"\" width=\"470\" height=\"200\" \/> <a href=\"https:\/\/www.effetdefer.fr\/index.php\/meuble-decoration\/pieges-a-effets\/\" target=\"_self\">[en savoir +]<\/a><br \/>\nLigne d&rsquo;inspiration ethnique o\u00f9 les formes souples laissent voyager l&rsquo;imaginaire.<span style=\"color: #00205f;\"> <\/span><\/p>\n<h2><a href=\"https:\/\/www.effetdefer.fr\/index.php\/meuble-decoration\/bas-effets\/\" target=\"_self\"><span style=\"color: #00205f;\">Bas  effet<\/span><\/a><\/h2>\n<p><img loading=\"lazy\" decoding=\"async\" class=\"size-full wp-image-56 alignnone\" title=\"Les bas effets\" src=\"https:\/\/www.effetdefer.fr\/wp-content\/uploads\/2010\/07\/mo_bas_effet.jpg\" alt=\"\" width=\"470\" height=\"200\" \/> <a href=\"https:\/\/www.effetdefer.fr\/index.php\/meuble-decoration\/bas-effets\/\" target=\"_self\">[en savoir +]<br \/>\n<\/a>Ligne toute en rondeur et suspension, aux nombreux mat\u00e9riaux associ\u00e9s.<\/p>\n<h2><a href=\"https:\/\/www.effetdefer.fr\/index.php\/effets-paralleles\/\" target=\"_self\"><span style=\"color: #00205f;\">Effet  parall\u00e8le<\/span><\/a><\/h2>\n<p><img loading=\"lazy\" decoding=\"async\" class=\"size-full wp-image-59 alignnone\" title=\"Les effets paralleles\" src=\"https:\/\/www.effetdefer.fr\/wp-content\/uploads\/2010\/07\/mo_effet_parallele.jpg\" alt=\"\" width=\"470\" height=\"200\" \/> <a href=\"https:\/\/www.effetdefer.fr\/index.php\/meuble-decoration\/effets-paralleles\/\" target=\"_self\">[en savoir +]<br \/>\n<\/a>Place \u00e0 la g\u00e9om\u00e9trie et \u00e0 la sym\u00e9trie pour cette ligne moderne.<\/p>\n<h2><a href=\"https:\/\/www.effetdefer.fr\/index.php\/purs-effets\/\" target=\"_self\"><span style=\"color: #00205f;\">Pur  effet<\/span><\/a><\/h2>\n<p><img loading=\"lazy\" decoding=\"async\" class=\"size-full wp-image-71 alignnone\" title=\"Les purs effets\" src=\"https:\/\/www.effetdefer.fr\/wp-content\/uploads\/2010\/07\/mo_pur_effet.jpg\" alt=\"\" width=\"470\" height=\"200\" \/> <a href=\"https:\/\/www.effetdefer.fr\/index.php\/purs-effets\/\" target=\"_self\">[en savoir +]<\/a><br \/>\nDesign \u00e9pur\u00e9 pour cette collection donnant la part belle aux lignes droites.<\/p>\n<h2><a href=\"https:\/\/www.effetdefer.fr\/index.php\/meuble-decoration\/cornes-effets\/\" target=\"_self\"><span style=\"color: #00205f;\">Corne d&rsquo;effet<\/span><\/a><\/h2>\n<p><img loading=\"lazy\" decoding=\"async\" class=\"size-full wp-image-72 alignnone\" title=\"Les cornes d'effet\" src=\"https:\/\/www.effetdefer.fr\/wp-content\/uploads\/2010\/07\/mo_cornes_effet.jpg\" alt=\"\" width=\"470\" height=\"200\" \/> <a href=\"https:\/\/www.effetdefer.fr\/index.php\/meuble-decoration\/cornes-effets\/\" target=\"_self\">[en savoir +]<\/a><br \/>\nCette ligne s&rsquo;inspire des courbes d&rsquo;un  taureau, riche en d\u00e9tails anecdotiques, d\u00e9coupes et effets de meule.<\/p>\n<h2><a href=\"https:\/\/www.effetdefer.fr\/index.php\/meuble-decoration\/effet-divers\/\" target=\"_self\"><span style=\"color: #00205f;\">L&rsquo;effet divers<\/span><\/a><\/h2>\n<p>Cette rubrique vous pr\u00e9sente les cr\u00e9ations qui ne se  rattache \u00e0 aucune  ligne en particulier.<br \/>\n<strong>\u00ab\u00a0L&rsquo;effet divers\u00a0\u00bb<\/strong>, c&rsquo;est une  d\u00e9couverte \u00ab\u00a0informelle\u00a0\u00bb de  mes autres r\u00e9alisations.<\/p>\n<p><a href=\"https:\/\/www.effetdefer.fr\/index.php\/meuble-decoration\/effet-divers\/\" target=\"_self\"><span style=\"color: #00205f;\">[en savoir +]<\/span><\/a><\/p>\n","protected":false},"excerpt":{"rendered":"<p>Effet creux [en savoir +] Ligne \u00e9lanc\u00e9e gr\u00e2ce \u00e0 une structure courbe qui supporte des \u00e9l\u00e9ments souvent suspendus. Pi\u00e8ge \u00e0 effet [en savoir +] Ligne d&rsquo;inspiration ethnique o\u00f9 les formes souples laissent voyager l&rsquo;imaginaire. Bas effet [en savoir +] Ligne toute en rondeur et suspension, aux nombreux mat\u00e9riaux associ\u00e9s. Effet parall\u00e8le [en savoir +] Place [&hellip;]<\/p>\n","protected":false},"author":1,"featured_media":0,"parent":0,"menu_order":2,"comment_status":"closed","ping_status":"closed","template":"","meta":{"footnotes":""},"class_list":["post-13","page","type-page","status-publish","hentry"],"_links":{"self":[{"href":"https:\/\/www.effetdefer.fr\/index.php\/wp-json\/wp\/v2\/pages\/13"}],"collection":[{"href":"https:\/\/www.effetdefer.fr\/index.php\/wp-json\/wp\/v2\/pages"}],"about":[{"href":"https:\/\/www.effetdefer.fr\/index.php\/wp-json\/wp\/v2\/types\/page"}],"author":[{"embeddable":true,"href":"https:\/\/www.effetdefer.fr\/index.php\/wp-json\/wp\/v2\/users\/1"}],"replies":[{"embeddable":true,"href":"https:\/\/www.effetdefer.fr\/index.php\/wp-json\/wp\/v2\/comments?post=13"}],"version-history":[{"count":44,"href":"https:\/\/www.effetdefer.fr\/index.php\/wp-json\/wp\/v2\/pages\/13\/revisions"}],"predecessor-version":[{"id":51,"href":"https:\/\/www.effetdefer.fr\/index.php\/wp-json\/wp\/v2\/pages\/13\/revisions\/51"}],"wp:attachment":[{"href":"https:\/\/www.effetdefer.fr\/index.php\/wp-json\/wp\/v2\/media?parent=13"}],"curies":[{"name":"wp","href":"https:\/\/api.w.org\/{rel}","templated":true}]}}